{"id":6258,"date":"2025-11-08T03:18:59","date_gmt":"2025-11-08T09:18:59","guid":{"rendered":"https:\/\/www.asociacionpasmo.org\/?post_type=evento&#038;p=6258"},"modified":"2025-11-14T11:21:38","modified_gmt":"2025-11-14T17:21:38","slug":"un-encuentro-regional-para-transformar-vision-en-accion","status":"publish","type":"evento","link":"https:\/\/www.asociacionpasmo.org\/en\/evento\/un-encuentro-regional-para-transformar-vision-en-accion\/","title":{"rendered":"Un encuentro regional para transformar visi\u00f3n en acci\u00f3n"},"content":{"rendered":"<h2 class=\"wp-block-heading\">Este es un titulo<\/h2>\n\n\n\n<h3 class=\"wp-block-heading\">Este es un titulo<\/h3>\n\n\n\n<p>Lorem ipsum dolor sit amet, consectetuer adipiscing elit. Donec odio. Quisque volutpat mattis eros. Nullam malesuada erat ut turpis. Suspendisse urna nibh viverra non semper suscipit posuere a pede.<br>Donec nec justo eget felis facilisis fermentum. Aliquam porttitor mauris sit amet orci. Aenean dignissim pellentesque felis.<br>Morbi in sem quis dui placerat ornare. Pellentesque odio nisi euismod in pharetra a ultricies in diam. Sed arcu. Cras consequat.<br>Praesent dapibus neque id cursus faucibus tortor neque egestas auguae eu vulputate magna eros eu erat. Aliquam erat volutpat. Nam dui mi tincidunt quis accumsan porttitor facilisis luctus metus.<br>Phasellus ultrices nulla quis nibh. Quisque a lectus. Donec consectetuer ligula vulputate sem tristique cursus. Nam nulla quam gravida non commodo a sodales sit amet nisi.<\/p>\n\n\n\n<h4 class=\"wp-block-heading\">Este es un titulo<\/h4>\n\n\n\n<h5 class=\"wp-block-heading\">Este es un titulo<\/h5>\n\n\n\n<h6 class=\"wp-block-heading\">Este es un titulo<\/h6>\n\n\n\n<p>&nbsp;<\/p>\n\n\n\n<figure class=\"wp-block-gallery has-nested-images columns-default is-cropped wp-block-gallery-1 is-layout-flex wp-block-gallery-is-layout-flex\">\n<figure class=\"wp-block-image size-large\"><img fetchpriority=\"high\" decoding=\"async\" width=\"332\" height=\"480\" data-id=\"6165\" src=\"https:\/\/www.asociacionpasmo.org\/wp-content\/uploads\/2025\/11\/gallery2-1.jpg\" alt=\"\" class=\"wp-image-6165\"\/><\/figure>\n\n\n\n<figure class=\"wp-block-image size-large\"><img decoding=\"async\" width=\"720\" height=\"480\" data-id=\"6164\" src=\"https:\/\/www.asociacionpasmo.org\/wp-content\/uploads\/2025\/11\/gallery1-1.jpg\" alt=\"\" class=\"wp-image-6164\"\/><\/figure>\n\n\n\n<figure class=\"wp-block-image size-large\"><img decoding=\"async\" width=\"730\" height=\"480\" data-id=\"6163\" src=\"https:\/\/www.asociacionpasmo.org\/wp-content\/uploads\/2025\/11\/gallery6.jpg\" alt=\"\" class=\"wp-image-6163\"\/><\/figure>\n\n\n\n<figure class=\"wp-block-image size-large\"><img loading=\"lazy\" decoding=\"async\" width=\"742\" height=\"480\" data-id=\"6162\" src=\"https:\/\/www.asociacionpasmo.org\/wp-content\/uploads\/2025\/11\/gallery5.jpg\" alt=\"\" class=\"wp-image-6162\"\/><\/figure>\n\n\n\n<figure class=\"wp-block-image size-large\"><img loading=\"lazy\" decoding=\"async\" width=\"742\" height=\"480\" data-id=\"6167\" src=\"https:\/\/www.asociacionpasmo.org\/wp-content\/uploads\/2025\/11\/gallery5-1.jpg\" alt=\"\" class=\"wp-image-6167\"\/><\/figure>\n\n\n\n<figure class=\"wp-block-image size-large\"><img loading=\"lazy\" decoding=\"async\" width=\"480\" height=\"480\" data-id=\"6168\" src=\"https:\/\/www.asociacionpasmo.org\/wp-content\/uploads\/2025\/11\/gallery4-1.jpg\" alt=\"\" class=\"wp-image-6168\"\/><\/figure>\n<\/figure>","protected":false},"excerpt":{"rendered":"<p>Este es un titulo Este es un titulo Lorem ipsum dolor sit amet, consectetuer adipiscing elit. Donec odio. Quisque volutpat mattis eros. Nullam malesuada erat ut turpis. Suspendisse urna nibh viverra non semper suscipit posuere a pede.Donec nec justo eget felis facilisis fermentum. Aliquam porttitor mauris sit amet orci. Aenean dignissim pellentesque felis.Morbi in sem&#8230;<\/p>","protected":false},"featured_media":6259,"template":"","meta":{"_kad_post_transparent":"default","_kad_post_title":"default","_kad_post_layout":"default","_kad_post_sidebar_id":"","_kad_post_content_style":"default","_kad_post_vertical_padding":"default","_kad_post_feature":"","_kad_post_feature_position":"","_kad_post_header":false,"_kad_post_footer":false},"class_list":["post-6258","evento","type-evento","status-publish","has-post-thumbnail","hentry"],"yoast_head":"<!-- This site is optimized with the Yoast SEO plugin v27.5 - https:\/\/yoast.com\/product\/yoast-seo-wordpress\/ -->\n<title>Un encuentro regional para transformar visi\u00f3n en acci\u00f3n - Asociaci\u00f3n Pasmo<\/title>\n<meta name=\"robots\" content=\"index, follow, max-snippet:-1, max-image-preview:large, max-video-preview:-1\" \/>\n<link rel=\"canonical\" href=\"https:\/\/www.asociacionpasmo.org\/en\/evento\/un-encuentro-regional-para-transformar-vision-en-accion\/\" \/>\n<meta property=\"og:locale\" content=\"en_US\" \/>\n<meta property=\"og:type\" content=\"article\" \/>\n<meta property=\"og:title\" content=\"Un encuentro regional para transformar visi\u00f3n en acci\u00f3n - Asociaci\u00f3n Pasmo\" \/>\n<meta property=\"og:description\" content=\"Este es un titulo Este es un titulo Lorem ipsum dolor sit amet, consectetuer adipiscing elit. Donec odio. Quisque volutpat mattis eros. Nullam malesuada erat ut turpis. Suspendisse urna nibh viverra non semper suscipit posuere a pede.Donec nec justo eget felis facilisis fermentum. Aliquam porttitor mauris sit amet orci. Aenean dignissim pellentesque felis.Morbi in sem...\" \/>\n<meta property=\"og:url\" content=\"https:\/\/www.asociacionpasmo.org\/en\/evento\/un-encuentro-regional-para-transformar-vision-en-accion\/\" \/>\n<meta property=\"og:site_name\" content=\"Asociaci\u00f3n Pasmo\" \/>\n<meta property=\"article:modified_time\" content=\"2025-11-14T17:21:38+00:00\" \/>\n<meta property=\"og:image\" content=\"https:\/\/www.asociacionpasmo.org\/wp-content\/uploads\/2025\/11\/hero-evento-sample.webp\" \/>\n\t<meta property=\"og:image:width\" content=\"1600\" \/>\n\t<meta property=\"og:image:height\" content=\"1067\" \/>\n\t<meta property=\"og:image:type\" content=\"image\/webp\" \/>\n<meta name=\"twitter:card\" content=\"summary_large_image\" \/>\n<meta name=\"twitter:label1\" content=\"Est. reading time\" \/>\n\t<meta name=\"twitter:data1\" content=\"3 minutes\" \/>\n<!-- \/ Yoast SEO plugin. -->","yoast_head_json":{"title":"Un encuentro regional para transformar visi\u00f3n en acci\u00f3n - Asociaci\u00f3n Pasmo","robots":{"index":"index","follow":"follow","max-snippet":"max-snippet:-1","max-image-preview":"max-image-preview:large","max-video-preview":"max-video-preview:-1"},"canonical":"https:\/\/www.asociacionpasmo.org\/en\/evento\/un-encuentro-regional-para-transformar-vision-en-accion\/","og_locale":"en_US","og_type":"article","og_title":"Un encuentro regional para transformar visi\u00f3n en acci\u00f3n - Asociaci\u00f3n Pasmo","og_description":"Este es un titulo Este es un titulo Lorem ipsum dolor sit amet, consectetuer adipiscing elit. Donec odio. Quisque volutpat mattis eros. Nullam malesuada erat ut turpis. Suspendisse urna nibh viverra non semper suscipit posuere a pede.Donec nec justo eget felis facilisis fermentum. Aliquam porttitor mauris sit amet orci. Aenean dignissim pellentesque felis.Morbi in sem...","og_url":"https:\/\/www.asociacionpasmo.org\/en\/evento\/un-encuentro-regional-para-transformar-vision-en-accion\/","og_site_name":"Asociaci\u00f3n Pasmo","article_modified_time":"2025-11-14T17:21:38+00:00","og_image":[{"width":1600,"height":1067,"url":"https:\/\/www.asociacionpasmo.org\/wp-content\/uploads\/2025\/11\/hero-evento-sample.webp","type":"image\/webp"}],"twitter_card":"summary_large_image","twitter_misc":{"Est. reading time":"3 minutes"},"schema":{"@context":"https:\/\/schema.org","@graph":[{"@type":"WebPage","@id":"https:\/\/www.asociacionpasmo.org\/evento\/un-encuentro-regional-para-transformar-vision-en-accion\/","url":"https:\/\/www.asociacionpasmo.org\/evento\/un-encuentro-regional-para-transformar-vision-en-accion\/","name":"Un encuentro regional para transformar visi\u00f3n en acci\u00f3n - Asociaci\u00f3n Pasmo","isPartOf":{"@id":"https:\/\/www.asociacionpasmo.org\/#website"},"primaryImageOfPage":{"@id":"https:\/\/www.asociacionpasmo.org\/evento\/un-encuentro-regional-para-transformar-vision-en-accion\/#primaryimage"},"image":{"@id":"https:\/\/www.asociacionpasmo.org\/evento\/un-encuentro-regional-para-transformar-vision-en-accion\/#primaryimage"},"thumbnailUrl":"https:\/\/www.asociacionpasmo.org\/wp-content\/uploads\/2025\/11\/hero-evento-sample.webp","datePublished":"2025-11-08T09:18:59+00:00","dateModified":"2025-11-14T17:21:38+00:00","breadcrumb":{"@id":"https:\/\/www.asociacionpasmo.org\/evento\/un-encuentro-regional-para-transformar-vision-en-accion\/#breadcrumb"},"inLanguage":"en-US","potentialAction":[{"@type":"ReadAction","target":["https:\/\/www.asociacionpasmo.org\/evento\/un-encuentro-regional-para-transformar-vision-en-accion\/"]}]},{"@type":"ImageObject","inLanguage":"en-US","@id":"https:\/\/www.asociacionpasmo.org\/evento\/un-encuentro-regional-para-transformar-vision-en-accion\/#primaryimage","url":"https:\/\/www.asociacionpasmo.org\/wp-content\/uploads\/2025\/11\/hero-evento-sample.webp","contentUrl":"https:\/\/www.asociacionpasmo.org\/wp-content\/uploads\/2025\/11\/hero-evento-sample.webp","width":1600,"height":1067},{"@type":"BreadcrumbList","@id":"https:\/\/www.asociacionpasmo.org\/evento\/un-encuentro-regional-para-transformar-vision-en-accion\/#breadcrumb","itemListElement":[{"@type":"ListItem","position":1,"name":"Portada","item":"https:\/\/www.asociacionpasmo.org\/"},{"@type":"ListItem","position":2,"name":"Un encuentro regional para transformar visi\u00f3n en acci\u00f3n"}]},{"@type":"WebSite","@id":"https:\/\/www.asociacionpasmo.org\/#website","url":"https:\/\/www.asociacionpasmo.org\/","name":"Asociaci\u00f3n Pasmo","description":"","potentialAction":[{"@type":"SearchAction","target":{"@type":"EntryPoint","urlTemplate":"https:\/\/www.asociacionpasmo.org\/?s={search_term_string}"},"query-input":{"@type":"PropertyValueSpecification","valueRequired":true,"valueName":"search_term_string"}}],"inLanguage":"en-US"}]}},"_links":{"self":[{"href":"https:\/\/www.asociacionpasmo.org\/en\/wp-json\/wp\/v2\/evento\/6258","targetHints":{"allow":["GET"]}}],"collection":[{"href":"https:\/\/www.asociacionpasmo.org\/en\/wp-json\/wp\/v2\/evento"}],"about":[{"href":"https:\/\/www.asociacionpasmo.org\/en\/wp-json\/wp\/v2\/types\/evento"}],"wp:featuredmedia":[{"embeddable":true,"href":"https:\/\/www.asociacionpasmo.org\/en\/wp-json\/wp\/v2\/media\/6259"}],"wp:attachment":[{"href":"https:\/\/www.asociacionpasmo.org\/en\/wp-json\/wp\/v2\/media?parent=6258"}],"curies":[{"name":"wp","href":"https:\/\/api.w.org\/{rel}","templated":true}]}}

Un encuentro regional para transformar visión en acción

<!-- This site is optimized with the Yoast SEO plugin v27.5 - https://yoast.com/product/yoast-seo-wordpress/ -->
<title>Un encuentro regional para transformar visión en acción - Asociación Pasmo</title>
<meta name="robots" content="index, follow, max-snippet:-1, max-image-preview:large, max-video-preview:-1" />
<link rel="canonical" href="https://www.asociacionpasmo.org/en/evento/un-encuentro-regional-para-transformar-vision-en-accion/" />
<meta property="og:locale" content="en_US" />
<meta property="og:type" content="article" />
<meta property="og:title" content="Un encuentro regional para transformar visión en acción - Asociación Pasmo" />
<meta property="og:description" content="Este es un titulo Este es un titulo Lorem ipsum dolor sit amet, consectetuer adipiscing elit. Donec odio. Quisque volutpat mattis eros. Nullam malesuada erat ut turpis. Suspendisse urna nibh viverra non semper suscipit posuere a pede.Donec nec justo eget felis facilisis fermentum. Aliquam porttitor mauris sit amet orci. Aenean dignissim pellentesque felis.Morbi in sem..." />
<meta property="og:url" content="https://www.asociacionpasmo.org/en/evento/un-encuentro-regional-para-transformar-vision-en-accion/" />
<meta property="og:site_name" content="Asociación Pasmo" />
<meta property="article:modified_time" content="2025-11-14T17:21:38+00:00" />
<meta property="og:image" content="https://www.asociacionpasmo.org/wp-content/uploads/2025/11/hero-evento-sample.webp" />
	<meta property="og:image:width" content="1600" />
	<meta property="og:image:height" content="1067" />
	<meta property="og:image:type" content="image/webp" />
<meta name="twitter:card" content="summary_large_image" />
<meta name="twitter:label1" content="Est. reading time" />
	<meta name="twitter:data1" content="3 minutes" />
<!-- / Yoast SEO plugin. -->

Un encuentro regional para transformar visión en acción - Asociación Pasmo

Asociación Pasmo
